 be o(-5). Suppose -4*s + 5*f = 845, 5*s + n*f + 1048 = -2*f. Let v = s + 353. Is v a composite number?
True
Let l be (0 - -2) + -8 + 997. Suppose -358 + l = 3*c. Is c prime?
True
Let h = -29 + 23. Is h/(48/(-1270))*4 a composite number?
True
Let x be (3 + (-397)/2)/(4/48). Is (-4)/(-6) + x/(-18) composite?
False
Let h(k) = 3 - k**3 + 5 - 1 - 5*k**2 - 3. Let i be h(-6). Let p = i + 87. Is p a composite number?
False
Let h = 1263 - 666. Suppose -998 - h = -5*x. Is x a prime number?
False
Let d be (0 + 0 + 3)*(-52)/6. Is ((-2)/1)/(d/1157) a prime number?
True
Let f(t) be the second derivative of -t**3/3 - 7*t**2 + 3*t. Let u be f(-6). Is 3 + u - -117 - 0 a composite number?
True
Let p(l) = 2*l + 6. Let v be p(-4). Is 1/(v/4*2/(-337)) a composite number?
False
Suppose 5*r - 19615 = 8890. Is r composite?
False
Let q = -16 - -19. Suppose 0 = -5*p - 2*l + 2 + q, -4*p - 4*l = -4. Is (-77 + -2)/p*-1 a prime number?
True
Let h = -37 - -40. Is 1/h - (-2868)/9 prime?
False
Let s = -1041 - -1532. Is s prime?
True
Suppose 4*u = 3*c - 268, 3*c - 5*c - 2*u + 202 = 0. Let q = c - -202. Is q prime?
False
Let r be -2*2/(-8) + 12/(-8). Is (-701)/(r - (28/(-8) - -3)) a prime number?
False
Let n = 78 + 26. Let l = 475 - n. Is l a composite number?
True
Suppose 2*b - 4*x = 14, 5*b = 4*x - 2 + 7. Let t(a) = 2*a**3 + 3*a**2 + 2*a + 2. Let d be t(-2). Is (129/6)/(b/d) composite?
False
Let d(h) = 50*h + 19. Let u(t) = 8*t + 64. Let q be u(-7). Is d(q) a prime number?
True
Suppose 4*f - 5218 = -2*h + 19750, -2*h = 5*f - 31209. Is f a prime number?
False
Suppose -5*i + 3*a + 6 = -2*i, 3*i - 2*a - 7 = 0. Suppose 2*b = -i*b + 80. Suppose -4*k - b = 0, 0 = 3*r + 2*k + k - 267. Is r prime?
False
Suppose -4*s + 8 = -0*s. Let l be s/7 + (-228)/(-84). Suppose 4*q - l*u = 1268, 0*u = -5*u. Is q composite?
False
Let m(f) = -190*f + 9. Let d = -77 + 72. Is m(d) a prime number?
False
Let f(q) = -q**2 + q. Let g(c) = -c**2 - 11*c + 7. Let d(n) = -4*f(n) + g(n). Suppose 5*t - 8 = 47. Is d(t) prime?
False
Suppose -k + 3*t = -5*k + 12510, 3136 = k + 5*t. Let p = 4525 - k. Is p prime?
True
Suppose -395 = 7*m - 2*m. Let h = -6 - m. Suppose 0 = -2*a + h + 25. Is a prime?
False
Let r(t) = -3*t**2 - 37. Let z be r(0). Let y = 112 - z. Is y a composite number?
False
Suppose 7*k + 46 - 18 = 0. Is (8 + -4)/k + 522 a composite number?
False
Let n be 19/7 + 28/98. Suppose 0 = n*g - 398 - 67. Is g prime?
False
Let l be 15/(-10)*(-6416)/6. Let a = 2245 - l. Is a a composite number?
False
Let z = 7829 - 4138. Is z a composite number?
False
Is 4*(-706)/(-2) - -6 a prime number?
False
Let o be -3*((-16)/(-12) + -3). Suppose o*j - 265 = l, -3*l + j - 855 = -2*j. Let z = l - -511. Is z prime?
False
Suppose s - 3973 = -2*j - 0*s, -j = 4*s - 1997. Is j composite?
True
Suppose 5*v - 5*g = 0, 4*v - g + 4*g = 28. Let l(c) = -c**2 - 14*c - 19. Let x be l(-12). Suppose -349 = -x*h + 3*w, 2*h - v*h - 2*w = -146. Is h prime?
True
Suppose 10547 = 4*z - 13825. Suppose 0 = -2*u - 5*d + 2414, -2*u + z = 3*u - 2*d. Is u composite?
False
Let j(f) = -196*f - 5. Let g be j(-2). Let o = g + 4. Is o prime?
False
Is (-1)/2*(-19 - (10519 - 16)) composite?
False
Suppose -7*w - 2*v - 1585 = -10*w, -2*w + 1061 = 3*v. Is w prime?
False
Let t(h) = 38*h**2 + 56*h - 731. Is t(19) composite?
False
Suppose -6*l - 100 = -280. Is ((-1994)/(-4))/(15/l) a prime number?
True
Is (-5)/20*-4*(-8157)/(-3) a prime number?
True
Suppose 0 = 3*w + g - 4974 + 1133, -g = -1. Let t = -811 + w. Is t a composite number?
True
Let f(s) = 587*s**3 + 10*s - 13. Is f(2) a prime number?
True
Let l = -42 + 47. Suppose l*n = -0*b + 4*b - 581, -757 = -5*b - 4*n. Is b a prime number?
True
Suppose -4*s = -2*f + 618150, -9*f = -13*f + 4*s + 1236308. Is f composite?
False
Let n be (-2)/6 - (-4)/(48/28). Let b = 12 + -6. Suppose 5*x = 5*j - 80, -5*j + 53 = b*x - n*x. Is j prime?
True
Let l(d) = -1658*d - 23. Is l(-2) prime?
False
Is (-304768)/(-14) - (-5 - (-36)/7) a composite number?
True
Suppose 12*p - 19258 = 8738. Is p a prime number?
True
Let h(m) = 44*m**3 + 2*m**2 + 2*m + 3. Let d be h(-2). Let x(s) = -48*s**2 - 8*s + 12. Let k be x(2). Let u = k - d. Is u a prime number?
True
Let t = 11254 - 6833. Is t composite?
False
Suppose -z = -0*z + 4, -z = 2*x + 18. Let v be (-470)/(-35) - (-3)/x. Suppose 271 = 2*a + v. Is a composite?
True
Let c = 14 + 129. Let o = -85 + c. Is o a prime number?
False
Let m(i) = 829*i**3 + 2*i + 1. Let y be m(-1). Let o = y - -1301. Is o a prime number?
False
Let k(h) = -7*h**2 - 36*h - 25. Let q(m) be the second derivative of m**4/4 + 3*m**3 + 6*m**2 - m. Let w(g) = -2*k(g) - 5*q(g). Is w(-9) composite?
False
Suppose -r + 8 - 3 = 0. Let v = r + 0. Let b = v + 16. Is b composite?
True
Let x(a) be the second derivative of 1/10*a**5 + 0 - 7/6*a**3 - 5/12*a**4 - a - 7/2*a**2. Is x(6) composite?
True
Suppose 0 = 2*m - 3570 - 8106. Suppose -16*h + m + 36866 = 0. Is h a composite number?
True
Suppose t - 9276 = -k, 2*k - 37094 = -4*t + 3*k. Is t composite?
True
Suppose 0 + 3 = i. Suppose -5*g + i + 172 = 0. Suppose 5*p - 4*p = 3*d - 50, d - 4*p - g = 0. Is d prime?
False
Let p(q) = -q**3 + 7*q**2 - 7*q + 22. Is p(-15) prime?
True
Let t(i) be the first derivative of 25*i**2 - 5*i - 8. Is t(3) a composite number?
True
Let u = -44 + 204. Suppose 5*j - 75 = u. Suppose 0 = -b + 4, b - 217 = -4*o + j. Is o composite?
True
Suppose 2 = 32*x - 31*x. Suppose 6*j = 5*b + x*j - 1299, b - j = 260. Is b a composite number?
True
Suppose -5*x + 14 = -3*x. Let s = 7 - x. Suppose s = 9*m - 10*m + 109. Is m a composite number?
False
Let z(f) = -34*f + 311. Is z(-13) composite?
True
Let t(j) = -203*j - 25. Let q = -83 + 77. Is t(q) a composite number?
False
Suppose 0 = -2*h + 23 + 9. Let k be (-6)/4*h/(-6). Suppose -k*o + 537 - 149 = 0. Is o prime?
True
Suppose 14 = 2*d + 2. Let x = d + -6. Suppose x = -0*j - 4*j + 84. Is j a composite number?
True
Let b be (2/(-3))/((-10)/7605). Let c = 194 + b. Is c prime?
True
Let v = -4941 + 8576. Is v a prime number?
False
Let c(i) = -146*i - 11. Let b be c(-3). Suppose b = 5*j - 2*y - 0*y, -3*j + 5*y = -260. Is j composite?
True
Suppose -5050 = -2*l + 2*n, 0 = -l - n + 2999 - 482. Is l a prime number?
True
Suppose -j - 4*t + t + 71 = 0, -j = 2*t - 67. Let n be ((-5)/1)/((-1)/j). Suppose 4*l = 3*p + 2*l - 177, -2*l = 5*p - n. Is p prime?
True
Is -1*28996*-2 - (-22)/(-22) a prime number?
True
Let z(n) = n**3 - 4*n**2 + n + 4. Let p be z(2). Let m be p/(-4) - (-85)/34. Suppose m*q - 48 = -2*l + 17, 5*q = 5*l - 100. Is l composite?
True
Suppose 0 = -61*z + 66*z - 925. Is z a composite number?
True
Let a(z) = z**2 + 2*z - 3. Let p be a(2). Let h(b) = -b**2 - 23*b + 54. Let w be h(-25). Suppose 3*j + f + 24 = 153, -w*j + 172 = -p*f. Is j composite?
False
Let p be (24/(-14))/(1/(-14)). Let d be (-348)/22 - ((-84)/(-66))/7. Is p/d - (-494)/4 prime?
False
Suppose -20954 = -2*z + 5*r, 20664 + 290 = 2*z + 5*r. Is z a prime number?
True
Let x(j) = 7*j**3 + j**2 + 7*j - 8. Let w(h) = 7*h**3 + h**2 + 8*h - 9. Let k(f) = -2*w(f) + 3*x(f). Is k(5) a composite number?
False
Let d = 22 + -20. Suppose 4*p = -d*r + 2176, -2*p - 2*r + 42 = -1044. Is p a prime number?
False
Let k = 3946 - 1928. Is k a composite number?
True
Let g = -5 - -4. Is g/((-6)/16908) - (1 + -2) a composite number?
False
Let t(f) = 20*f**2 - 17*f + 11. Let w(s) = 10*s**2 - 8*s + 5. Let o(j) = -6*t(j) + 13*w(j). Is o(-6) a prime number?
False
Suppose 452 + 1707 = c. Is c a prime number?
False
Let c(s) = 56995*s**2 + 4*s + 2. Is c(-1) a prime number?
True
Let q(s) = -6*s**3 - 9*s**2 - s + 5. Let j(f) = -7*f**3 - 10*f**2 - 2*f + 6. Let n(y) = -4*j(y) + 5*q(y). Is n(-4) a composite number?
False
Suppose -27*k + 20*k = -6643. Is k composite?
True
Let s be (-3)/2*24/(-18). Suppose -2*y = -5*d - 925, 0*y - 4*d - 924 = -s*y. Suppose 4*t - 5*q - y = -t, 2*t = q + 179. Is t composite?
True
Let o = 13 - 8. Suppose 2*p = -3*k + 3*p + 35, -o*k = 3*p - 63. Is -282*(1 - k/8) composite?
True
Suppose 51 = 7*i - 10*i. Let x(l) = -35*l - 32. Is x(i) composite?
False
Let v(x) = 6*x**2 + 10*x - 11. Let w(a) = a. Let j be w(10). Is v(j) a prime number?
False
Let v(r) = -6*r**2 - 3*r - 6. Let m be v(-4). Let x = m + 161. Let f = -18 + x. Is f composite?
False
Suppose -5*y = w - 53962